s r(s)?
-6
Suppose -5*j + 19 = -1. Let q(v) = 4*v**2 - v + 7*v - 37*v**2 + 31*v**2 - 2. What is q(j)?
-10
Let s(w) = 62*w**3 - 1. Let l be s(1). Suppose 2*g + l = -9. Let q = -41 - g. Let y(n) = n**3 + 6*n**2 + 5. Give y(q).
5
Let c(u) = -u**3 + u**2 + 4*u - 3. Let s(k) be the first derivative of -k**2 - 58*k - 37. Let b be s(18). Let n = b + 96. Determine c(n).
1
Let z(m) = -21 - 876*m + 447*m + 422*m + 2. What is z(-3)?
2
Let t be ((9/(-15))/((-1269)/2350))/((-4)/36). Let i(n) = 3*n + 2. Let g(u) = -13*u - 8. Let o(v) = 2*g(v) + 9*i(v). Calculate o(t).
-8
Suppose 0 = -s + 143 - 149. Let a(u) = -9*u + 11. What is a(s)?
65
Let m(f) = -f + 34. Suppose 46 = 5*j - 24. Determine m(j).
20
Let z(o) = -1408 - o**2 + 20*o - 1399 - 1391 + 4230. Give z(20).
32
Let y(p) = p**3 + p**3 - 98 + p + 34 + 33 - 2*p**2 + 35. What is y(-2)?
-22
Let f(d) = -7*d**2 - 2*d + 1. Suppose 0 = -2*b + 3*b + 3. Let v(r) = r**2 - 41*r + 42*r - 2549 + 2549. Let i(z) = b*v(z) - f(z). Give i(-1).
4
Let j(w) = 3*w - 15. Let a be j(6). Suppose 0 = 2*b + 3*c - 253, 3*c + c = 20. Let t(g) = b*g - 120*g + a - 4. What is t(3)?
-4
Let p(g) = g**3 - 5*g**2 - 6*g - 3. Let u be (-15 + 7)*(-6)/8. Suppose 2*s = -s + u. Suppose 3*n = s - 5, 8 = 2*z + 4*n. What is p(z)?
-3
Let g(s) = 184*s**2 + 175*s**2 - 6*s - 360*s**2 - 4. Give g(-6).
-4
Let m(c) = 0*c - c - 95398 + 95414 + 4*c. Calculate m(-13).
-23
Let d = -4693 + 4698. Let s(f) be the third derivative of 0*f - 1/60*f**d - 5/6*f**3 + 0 - 13*f**2 + 1/6*f**4. Give s(5).
-10
Suppose -y = -7*y - 30. Let v(f) = 4*f**2 - 4. Let i(t) = -7*t**2 - t + 8. Let u(s) = 3*i(s) + 5*v(s). Give u(y).
-6
Suppose -11 = -3*b + 4. Let c(h) = -70*h + 855 - 67*h + 207*h - 69*h - 867. Give c(b).
-7
Let x = 714 + -713. Let j be 1 + (0 - 0 - 0). Suppose o = x - j. Let n(l) = l**2 - l - 11. What is n(o)?
-11
Let p(g) = -65*g + 537. Let f(c) = -17*c + 135. Let a(q) = -9*f(q) + 2*p(q). Determine a(5).
-26
Let b be -1 - 0/(0 + -3) - 0. Let o = 92 + b. Let r(d) = 5*d**2 + 6*d**2 - d**3 - 4*d**2 + 87 - 4*d - o. What is r(5)?
26
Let c be 11 - 21/((-94)/47*3/(-2)). Let p(a) = -35*a + 40. Give p(c).
-100
Let l(i) be the first derivative of i**3/3 - i**2/2 - 6*i - 6797. Calculate l(2).
-4
Let b(t) be the first derivative of -1/3*t**3 - 3*t**2 - 1 + 4*t. Suppose -2*o - 8 = -3*p, 3*o + 366 - 354 = -4*p. Determine b(o).
12
Suppose 0 = 22*n - 113 - 635. Suppose 0 = -12*d - n*d - 92. Let y(p) = 3*p + 3. Calculate y(d).
-3
Suppose 2*b - 3*c - 42 = 0, 82 = b - 5*c + 12. Let a(f) = -7*f + 11. Let l(v) = 20*v - 33. Let q(g) = -17*a(g) - 6*l(g). What is q(b)?
11
Let a(t) be the first derivative of -t**5/20 - 5*t**4/12 - t**3/2 + t**2/2 - 108*t + 148. Let c(p) be the first derivative of a(p). Determine c(-5).
16
Suppose t + 3*d - 4 = 0, d + 283 = -2*t + 291. Let z(u) = -47*u + 199. Calculate z(t).
11
Let s(x) be the first derivative of -2*x**3/3 - 9*x**2/2 + 3*x + 46. Let d(r) = -5*r**2 - 19*r + 8. Let y(h) = 3*d(h) - 7*s(h). Calculate y(6).
3
Let w(m) = -10 + 3 + 8 - 102*m + 101*m. Give w(5).
-4
Let y(f) = 18*f - 344. Let i(t) = -5*t + 115. Let x(s) = 8*i(s) + 3*y(s). Give x(10).
28
Suppose 12*i = 89 - 173. Let b(s) = -1 + 3 + 7*s**2 + 2 - 14*s**2 - s**3. Calculate b(i).
4
Let k(o) be the second derivative of o**3 + 15*o**2/2 + 771*o. Give k(-5).
-15
Let y(u) = u + 5. Suppose 2*v - 10 = 4. Suppose c - 3*c - 5*x + 28 = 0, 16 = 4*x. Suppose -2*b = a - 6, a = c*a + b + v. What is y(a)?
1
Let x(r) be the third derivative of -r**5/20 + 23*r**4/12 - 5*r**3/2 + 1384*r**2. What is x(15)?
0
Let j(p) = 2*p**3 + p. Let y be j(1). Suppose -y*k - 2*n = 0, -2 + 11 = 3*n. Let l(z) = 2*z**2 - z - 1. Determine l(k).
9
Let i(q) be the second derivative of -q**5/20 + 2*q**4/3 - 5*q**3/6 - 3*q**2/2 + 13*q + 5. Suppose 0 = 4*o + 5*f - 13, 2*o = 6*o + f - 25. Calculate i(o).
11
Let h(n) = 11*n**3 - 8*n**2 - 18*n + 13. Let z(u) = 5*u**3 - 4*u**2 - 8*u + 6. Let l(k) = 4*h(k) - 9*z(k). Let g be 0/2 - (-3 + -1). What is l(g)?
-2
Let z(m) = -m**3 + 61*m**2 + 122*m + 255. Let l(a) = 197*a - 1907. Let f be l(10). Calculate z(f).
3
Suppose -4*l + 5*q - 3 = -10, -8 = -2*l + 4*q. Let c(w) = 4*w**3 + 6*w**2 + 3*w - 3. Give c(l).
-17
Suppose 0 = 22*s - 34*s - 72. Let q(d) = -5*d - 20. Let y(g) = -5*g - 23. Let b(p) = s*y(p) + 7*q(p). Calculate b(5).
-27
Suppose 6*s + 20 = 20. Suppose s = -2*t - 3*q - 17, -5*t - 4*q + 5*q - 51 = 0. Let l(x) = -x**2 - 9*x + 12. Determine l(t).
2
Let m = 1584 + -1600. Let k(s) = -s**3 - 15*s**2 + 18*s. Determine k(m).
-32
Let p be -3 - (-75)/(-65) - (-4)/26. Let w(s) = 8*s - 5. Determine w(p).
-37
Let r(v) = 74 + 84*v - v**2 - 169*v + 80*v - 76. Let n(x) = x + 1. Let y be n(-8). Calculate r(y).
-16
Let r(p) be the third derivative of p**7/2520 + p**6/720 - p**5/60 + 31*p**4/12 + 8*p**2 - 9. Let i(b) be the second derivative of r(b). Give i(-3).
4
Let t(m) be the second derivative of -3*m**2 - 218*m + 2/3*m**3 + 0. What is t(4)?
10
Let f(v) = 2*v**2 - 13*v - 9. Let d = 447 - 424. Suppose 3 = j - 2*b, 7 = 4*j + b - d. Calculate f(j).
-2
Let u(n) = -16*n + 116. Let w be u(7). Let q(c) = 46*c - 178. Let r be q(w). Let h(y) = -y + 15. Give h(r).
9
Let b(v) = v**2 - 2*v + 5. Suppose 8*t - 88 + 440 = 0. Let q = t - -44. Give b(q).
5
Let b(o) = -o**3 + o + 5. Let c(d) be the second derivative of -d**4/12 + 2*d**3 + 3*d**2/2 - 14*d. Let w be c(12). Suppose -v = -w*v. What is b(v)?
5
Let m(n) = n + 4. Let f be m(-2). Suppose 5*a + 20 = b, -3*b = -4*b - f*a - 1. Suppose 0 = 4*c + 4*z, 3*z = -c + b*z + 12. Let y(p) = 4*p. Calculate y(c).
16
Let g(s) = -s**2 - 7*s - 5. Let f be g(-4). Let x(n) be the second derivative of n**5/20 - 7*n**4/12 - 5*n**3/6 + 5*n**2 - 2*n - 54. Give x(f).
-25
Let d(m) = -5*m**2 + m - 1. Let z = -86 + 87. Let q be d(z). Let b(s) = -3*s + 3*s - s - 3. Give b(q).
2
Let f(i) = 11 - 7*i**2 + 10*i + 8*i + 20*i - 30*i - 2*i**3. Give f(-4).
-5
Suppose -39*h = -213*h. Let y = 3 - 0. Let q(f) = 0*f**3 + 4 + f**y - 22. Give q(h).
-18
Let o(l) = -l**3 - 45*l**2 - 81*l + 218. Let u be o(-43). Let r(a) be the first derivative of 1/3*a**u + 25 - 2*a + 3*a**2. Determine r(-7).
5
Let g(z) = -z**3 + z**2 - 7*z + 3. Let q(f) = -f**3 - 18*f**2 + 37*f - 60. Let w be q(-20). Calculate g(w).
3
Let f(w) = -5*w**2 - 37*w + 16. Let g(z) = -4*z**2 - 35*z + 12. Let d(c) = 6*f(c) - 7*g(c). Determine d(12).
0
Let i = 157 + -125. Suppose 10 + i = 6*z. Suppose -z = -2*g + 5*o, 5*g - o - 27 = 2*o. Let a(n) = n - 8. What is a(g)?
-2
Let l(u) = -9*u + 2. Let b(q) = -11*q + 1. Let p(k) = 4*b(k) - 5*l(k). Let o(z) = 3*z - 19. Let y(j) = 6*o(j) - 17*p(j). Give y(5).
-7
Let w = 4964 - 4970. Let c(y) = y**2 + 9*y + 1. Let b(v) = 2*v**2 + 17*v + 1. Let s(m) = 3*b(m) - 5*c(m). What is s(w)?
-2
Let t(m) be the second derivative of -m**3/2 + 30*m**2 + 29*m + 24. Give t(14).
18
Let c(y) be the third derivative of y**8/20160 - y**7/840 + y**6/120 - y**5/4 + 10*y**2. Let t(m) be the third derivative of c(m). Give t(6).
6
Let a(p) = p**2 - 2. Suppose j = -c, -2*c - 3 + 1 = j. Suppose 2*w - 16 = j*l, 0*l + 3*l = -w - 4. Calculate a(w).
23
Let i(k) = 8*k**2 + 19*k - 24. Let h(x) = 11*x**2 + 19*x - 27. Let g(r) = 3*h(r) - 4*i(r). What is g(17)?
-19
Let j(d) = -2*d**2 - 4*d + 1. Let o be (130/40)/((-2)/(-16)). Suppose -3 = -2*h + 55. Suppose -s - h = -o. Give j(s).
-5
Let m(x) be the second derivative of x**7/2520 + x**6/60 - x**5/24 + x**4/12 - 11*x**2/2 + 74*x. Let n(b) be the third derivative of m(b). Calculate n(-10).
-25
Let o be 30/3*4/5. Let y be 64/o + -1*6/3. Let a(i) = 2*i + 31 - 12 - 15. Give a(y).
16
Let m be ((-34596)/24)/(-31)*(-4)/(-6). Let k(j) be the third derivative of -1/12*j**4 - 1/20*j**5 + m*j**2 - 1/60*j**6 + 0*j**3 + 0*j + 0. Determine k(-2).
8
Let o(c) = 11*c**3 - 23*c**2 - 6*c + 6. Let f(j) = 9*j**3 - 22*j**2 - 5*j + 5. Let m(t) = 6*f(t) - 5*o(t). What is m(-17)?
0
Let k(s) be the first derivative of -3*s**2/2 + 2*s - 8. Suppose 4*r = 12, -5*r - 11 = -2*p - 10*r. Determine k(p).
8
Let f(s) = s**3 - 7*s**2 - 20*s - 7. Let l be (2/(-8)*2)/((-12)/216). Give f(l).
-25
Let h be (-32)/(-1 - -1 - (-34)/(-255)). Let s = -244 + h. Let b(f) = f**2 + 2*f - 1. Determine b(s).
7
Let v(x) be the second derivative of 0*x**2 + 11/12*x**4 + 1/3*x**3 + 208*x + 0. What is v(1)?
13
Suppose -58*q - 296 = -6. Le